{"id":12126,"date":"2020-02-01T23:22:26","date_gmt":"2020-02-02T01:22:26","guid":{"rendered":"https:\/\/missaocrista.pt\/site\/\/?page_id=12126"},"modified":"2020-05-08T23:10:58","modified_gmt":"2020-05-09T02:10:58","slug":"missoes","status":"publish","type":"page","link":"https:\/\/missaocrista.pt\/site\/missoes\/","title":{"rendered":"Miss\u00f5es"},"content":{"rendered":"<section class=\"wpb-content-wrapper\"><p>[vc_row row_type=&#8221;parallax&#8221; content_width=&#8221;grid&#8221; full_screen_section_height=&#8221;no&#8221; el_id=&#8221;bg_sobre&#8221; css=&#8221;.vc_custom_1586917104902{padding-top: 30px !important;padding-right: 0px !important;padding-bottom: 30px !important;padding-left: 0px !important;background: #e2e2e2 url(https:\/\/missaocrista.pt\/site\/\/wp-content\/uploads\/2020\/04\/bg-sobre-mci.jpg?id=12347) !important;background-position: center !important;background-repeat: no-repeat !important;background-size: cover !important;}&#8221;][vc_column][vc_row_inner css_animation=&#8221;mkdf-element-from-fade&#8221; css=&#8221;.vc_custom_1586920694437{padding-top: 30px !important;}&#8221; el_id=&#8221;bg_imagem-sobre&#8221;][vc_column_inner css=&#8221;.vc_custom_1586896919036{padding-top: 30px !important;padding-right: 30px !important;padding-bottom: 30px !important;padding-left: 30px !important;}&#8221;]<div class=\"mkdf-section-title-holder\">\n\t<h2 class=\"mkdf-section-title mkdf-section-title-medium\" style=\"color: #1e73be\">Miss\u00f5es<\/h2>\n<\/div>[vc_column_text css_animation=&#8221;none&#8221; el_class=&#8221;texto-glow&#8221;][\/vc_column_text][\/vc_column_inner][\/vc_row_inner][\/vc_column][\/vc_row][vc_row content_width=&#8221;grid&#8221; content_aligment=&#8221;center&#8221; css=&#8221;.vc_custom_1586918048893{margin-top: 0px !important;margin-bottom: 0px !important;background-color: #e2e2e2 !important;}&#8221;][vc_column][vc_column_text css_animation=&#8221;fadeIn&#8221; el_class=&#8221;ministerios&#8221;]<\/p>\n<div class=\"wpb_text_column wpb_content_element \">\n<div class=\"wpb_wrapper\">\n<div class=\"wpb_text_column wpb_content_element \">\n<div class=\"wpb_wrapper\">\n<p>A MCI \u00e9 uma igreja com vis\u00e3o apost\u00f3lica, que est\u00e1 empenhada em plantar novas igrejas e adotar projetos mission\u00e1rios.<\/p>\n<p>&nbsp;<\/p>\n<p>A planta\u00e7\u00e3o de numa nova igreja come\u00e7a com o estabelecimento de um Grupo Pioneiro, que se desenvolver\u00e1 at\u00e9 tornar-se uma igreja MCI.<\/p>\n<p>&nbsp;<\/p>\n<p>A ado\u00e7\u00e3o de um projeto, ou igreja, come\u00e7a com um relacionamento de cuidado ministerial, em que \u00e9 designado um pastor supervisor para implementar o processo de transi\u00e7\u00e3o para a vis\u00e3o MCI.<\/p>\n<p>&nbsp;<\/p>\n<p>Realizamos, durante o ano, algumas viagens mission\u00e1rias que s\u00e3o aconselh\u00e1veis para aqueles que querem ter uma experi\u00eancia de miss\u00f5es de curta-dura\u00e7\u00e3o.<\/p>\n<\/div>\n<\/div>\n<\/div>\n<\/div>\n<p>[\/vc_column_text][\/vc_column][\/vc_row][vc_row row_type=&#8221;parallax&#8221; content_width=&#8221;grid&#8221; content_aligment=&#8221;center&#8221; full_screen_section_height=&#8221;no&#8221; css=&#8221;.vc_custom_1588990211892{margin-top: 0px !important;margin-bottom: 0px !important;background: #e2e2e2 url(https:\/\/missaocrista.pt\/site\/\/wp-content\/uploads\/2020\/05\/mapa-mundi-mci.png?id=12551) !important;background-position: center !important;background-repeat: no-repeat !important;background-size: contain !important;}&#8221;][vc_column][vc_empty_space height=&#8221;100px&#8221;][vc_empty_space height=&#8221;100px&#8221;][vc_column_text css_animation=&#8221;fadeInDownBig&#8221; el_class=&#8221;ministerios&#8221;]<\/p>\n<div class=\"wpb_text_column wpb_content_element \">\n<div class=\"wpb_wrapper\">\n<div class=\"wpb_text_column wpb_content_element \">\n<h2 class=\"wpb_wrapper\" style=\"text-align: center;\"><strong>Junta-te a n\u00f3s!<\/strong><\/h2>\n<\/div>\n<\/div>\n<\/div>\n<p>[\/vc_column_text][vc_empty_space height=&#8221;100px&#8221;][vc_empty_space height=&#8221;100px&#8221;][\/vc_column][\/vc_row]<\/p>\n<\/section>","protected":false},"excerpt":{"rendered":"<p>[vc_row row_type=&#8221;parallax&#8221; content_width=&#8221;grid&#8221; full_screen_section_height=&#8221;no&#8221; el_id=&#8221;bg_sobre&#8221; css=&#8221;.vc_custom_1586917104902{padding-top: 30px !important;padding-right: 0px !important;padding-bottom: 30px !important;padding-left: 0px !important;background: #e2e2e2 url(https:\/\/missaocrista.pt\/site\/\/wp-content\/uploads\/2020\/04\/bg-sobre-mci.jpg?id=12347) !important;background-position: center !important;background-repeat: no-repeat !important;background-size: cover !important;}&#8221;][vc_column][vc_row_inner css_animation=&#8221;mkdf-element-from-fade&#8221; css=&#8221;.vc_custom_1586920694437{padding-top: 30px !important;}&#8221; el_id=&#8221;bg_imagem-sobre&#8221;][vc_column_inner css=&#8221;.vc_custom_1586896919036{padding-top: 30px !important;padding-right: 30px !important;padding-bottom: 30px !important;padding-left: 30px !important;}&#8221;][vc_column_text css_animation=&#8221;none&#8221; el_class=&#8221;texto-glow&#8221;][\/vc_column_text][\/vc_column_inner][\/vc_row_inner][\/vc_column][\/vc_row][vc_row content_width=&#8221;grid&#8221; content_aligment=&#8221;center&#8221; css=&#8221;.vc_custom_1586918048893{margin-top: 0px !important;margin-bottom: 0px&#8230;<\/p>\n","protected":false},"author":1,"featured_media":0,"parent":0,"menu_order":0,"comment_status":"closed","ping_status":"closed","template":"full-width.php","meta":[],"aioseo_notices":[],"_links":{"self":[{"href":"https:\/\/missaocrista.pt\/site\/wp-json\/wp\/v2\/pages\/12126"}],"collection":[{"href":"https:\/\/missaocrista.pt\/site\/wp-json\/wp\/v2\/pages"}],"about":[{"href":"https:\/\/missaocrista.pt\/site\/wp-json\/wp\/v2\/types\/page"}],"author":[{"embeddable":true,"href":"https:\/\/missaocrista.pt\/site\/wp-json\/wp\/v2\/users\/1"}],"replies":[{"embeddable":true,"href":"https:\/\/missaocrista.pt\/site\/wp-json\/wp\/v2\/comments?post=12126"}],"version-history":[{"count":9,"href":"https:\/\/missaocrista.pt\/site\/wp-json\/wp\/v2\/pages\/12126\/revisions"}],"predecessor-version":[{"id":12553,"href":"https:\/\/missaocrista.pt\/site\/wp-json\/wp\/v2\/pages\/12126\/revisions\/12553"}],"wp:attachment":[{"href":"https:\/\/missaocrista.pt\/site\/wp-json\/wp\/v2\/media?parent=12126"}],"curies":[{"name":"wp","href":"https:\/\/api.w.org\/{rel}","templated":true}]}}